{"id":331,"date":"2010-07-04T11:59:31","date_gmt":"2010-07-04T14:59:31","guid":{"rendered":"http:\/\/www.rhevistarh.com.br\/portal\/?page_id=331"},"modified":"2024-01-21T20:57:53","modified_gmt":"2024-01-21T23:57:53","slug":"politica-de-privacidade","status":"publish","type":"page","link":"https:\/\/www.rhevistarh.com.br\/portal\/sobre-2\/politica-de-privacidade\/","title":{"rendered":"Pol\u00edtica de Privacidade"},"content":{"rendered":"<p style=\"text-align: center;\"><strong>Esta Pol\u00edtica de Privacidade foi atualizada pela \u00faltima vez em <\/strong><strong>19 de <\/strong><strong>Janeiro de 202<\/strong><strong>4<\/strong><\/p>\n<p style=\"text-align: justify;\"><strong>Quem somos<\/strong><\/p>\n<p style=\"text-align: justify;\">RHevista RH (Revista RH) \u00e9 um portal, de iniciativa do Grupo ABF Gente &amp; Gest\u00e3o, voltado, principalmente, para profissionais de gest\u00e3o de pessoas. Aqui os usu\u00e1rios encontram artigos, mat\u00e9rias, v\u00eddeos, entre outros conte\u00fados, cujo objetivo \u00e9 levar conhecimentos e solu\u00e7\u00f5es para melhorar as rela\u00e7\u00f5es entre empresas e seus respectivos colaboradores.<\/p>\n<p style=\"text-align: justify;\">Al\u00e9m do portal RHevista RH (https:\/\/www.rhevistarh.com.br) o grupo ABF Gente &amp; Gest\u00e3o mant\u00e9m outros sites de interesse de empresas e profissionais de gest\u00e3o de pessoas, que s\u00e3o os seguintes:<\/p>\n<p style=\"text-align: justify;\"><a href=\"https:\/\/www.abfgente.com.br\">https:\/\/www.abfgente.com.br\u00a0<\/a> (Portal principal do Grupo ABF Gente &amp; Gest\u00e3o)<\/p>\n<p style=\"text-align: justify;\"><a href=\"https:\/\/www.abftreinamentos.com.br\/\">https:\/\/www.abftreinamentos.com.br<\/a>\u00a0(Portal de treinamentos)<\/p>\n<p style=\"text-align: justify;\"><a href=\"https:\/\/www.beneficios.app.br\">https:\/\/www.beneficios.app.br<\/a> (Site de oferta e gest\u00e3o de benef\u00edcios flex\u00edveis)<\/p>\n<p style=\"text-align: justify;\"><strong>Coment\u00e1rios<\/strong><\/p>\n<p style=\"text-align: justify;\">Quando os visitantes deixam coment\u00e1rios no portal, coletamos os dados mostrados no formul\u00e1rio de coment\u00e1rios, bem como o endere\u00e7o IP do visitante e a string do agente do usu\u00e1rio do navegador para ajudar na detec\u00e7\u00e3o de spam.<\/p>\n<p style=\"text-align: justify;\">Uma string an\u00f4nima criada a partir do seu endere\u00e7o de e-mail (tamb\u00e9m chamada de hash) pode ser fornecida ao servi\u00e7o Gravatar para ver se voc\u00ea a est\u00e1 usando. A pol\u00edtica de privacidade do servi\u00e7o Gravatar est\u00e1 dispon\u00edvel aqui: <a href=\"https:\/\/automattic.com\/privacy\/\">https:\/\/automattic.com\/privacy\/<\/a>. Ap\u00f3s a aprova\u00e7\u00e3o do seu coment\u00e1rio, a imagem do seu perfil ficar\u00e1 vis\u00edvel para o p\u00fablico no contexto do seu coment\u00e1rio.<\/p>\n<p style=\"text-align: justify;\">Se voc\u00ea deixar um coment\u00e1rio, o coment\u00e1rio e seus metadados ser\u00e3o retidos indefinidamente. Isso \u00e9 para que possamos reconhecer e aprovar quaisquer coment\u00e1rios de acompanhamento automaticamente, em vez de mant\u00ea-los em uma fila de modera\u00e7\u00e3o.<\/p>\n<p style=\"text-align: justify;\">Para usu\u00e1rios que se cadastram em nosso site, tamb\u00e9m armazenamos as informa\u00e7\u00f5es pessoais que eles fornecem em seu perfil de usu\u00e1rio. Todos os usu\u00e1rios podem ver, editar ou excluir suas informa\u00e7\u00f5es pessoais a qualquer momento (exceto o nome de usu\u00e1rio que n\u00e3o pode ser alterado). Os administradores do site tamb\u00e9m podem ver e editar essas informa\u00e7\u00f5es.<\/p>\n<p style=\"text-align: justify;\">Os coment\u00e1rios dos visitantes podem ser verificados por meio de um servi\u00e7o automatizado de detec\u00e7\u00e3o de spam.<\/p>\n<p style=\"text-align: justify;\"><strong>Meios de comunica\u00e7\u00e3o<\/strong><\/p>\n<p style=\"text-align: justify;\">Se voc\u00ea fizer upload de imagens para o site, evite fazer upload de imagens com dados de localiza\u00e7\u00e3o incorporados (EXIF GPS) inclu\u00eddos. Os visitantes do site podem baixar e extrair quaisquer dados de localiza\u00e7\u00e3o das imagens no site.<\/p>\n<p style=\"text-align: justify;\"><strong>Cookies<\/strong><\/p>\n<p style=\"text-align: justify;\">Se voc\u00ea deixar um coment\u00e1rio em nosso site, voc\u00ea pode optar por salvar seu nome, endere\u00e7o de e-mail e site em cookies. Esses cookies s\u00e3o para sua conveni\u00eancia, para que n\u00e3o tenha de voltar a preencher os seus dados quando deixar outro coment\u00e1rio. Esses cookies v\u00e3o durar um ano.<\/p>\n<p style=\"text-align: justify;\">Se voc\u00ea visitar nossa p\u00e1gina de login, definiremos um cookie tempor\u00e1rio para determinar se o seu navegador aceita cookies. Este cookie n\u00e3o cont\u00e9m dados pessoais e \u00e9 descartado quando voc\u00ea fecha o navegador.<\/p>\n<p style=\"text-align: justify;\">Quando voc\u00ea faz login, n\u00f3s tamb\u00e9m configuramos v\u00e1rios cookies para salvar suas informa\u00e7\u00f5es de login e suas op\u00e7\u00f5es de exibi\u00e7\u00e3o na tela. Os cookies de login duram dois dias e os cookies de op\u00e7\u00f5es de tela duram um ano. Se voc\u00ea selecionar &#8220;Lembrar-me&#8221;, seu login persistir\u00e1 por duas semanas. Se voc\u00ea sair da sua conta, os cookies de login ser\u00e3o removidos.<\/p>\n<p style=\"text-align: justify;\">Se voc\u00ea editar ou publicar um artigo, um cookie adicional ser\u00e1 salvo em seu navegador. Este cookie n\u00e3o inclui dados pessoais e simplesmente indica o post ID do artigo que voc\u00ea acabou de editar. Ele expira ap\u00f3s 1 dia.<\/p>\n<p style=\"text-align: justify;\">Se voc\u00ea solicitar uma redefini\u00e7\u00e3o de senha, seu endere\u00e7o IP ser\u00e1 inclu\u00eddo no e-mail de redefini\u00e7\u00e3o.<\/p>\n<p style=\"text-align: justify;\"><strong>Conte\u00fado incorporado de outros sites<\/strong><\/p>\n<p style=\"text-align: justify;\">Os artigos neste site podem incluir conte\u00fado incorporado (por exemplo, v\u00eddeos, imagens, artigos, etc.). O conte\u00fado incorporado de outros sites se comporta exatamente da mesma maneira como se o visitante tivesse visitado o outro site.<\/p>\n<p style=\"text-align: justify;\">Esses sites podem coletar dados sobre voc\u00ea, usar cookies, incorporar rastreamento adicional de terceiros e monitorar sua intera\u00e7\u00e3o com esse conte\u00fado incorporado, incluindo o rastreamento de sua intera\u00e7\u00e3o com o conte\u00fado incorporado, se voc\u00ea tiver uma conta e estiver conectado a esse site.<\/p>\n<p style=\"text-align: justify;\"><strong>Quais direitos voc\u00ea tem sobre seus dados<\/strong><\/p>\n<p style=\"text-align: justify;\">Se voc\u00ea possui uma conta neste site, ou deixou coment\u00e1rios, voc\u00ea pode solicitar o recebimento de um arquivo exportado dos dados pessoais que mantemos sobre voc\u00ea, incluindo quaisquer dados que voc\u00ea nos forneceu. Voc\u00ea tamb\u00e9m pode solicitar a exclus\u00e3o de todos os dados pessoais que temos sobre voc\u00ea. Isso n\u00e3o inclui quaisquer dados que somos obrigados a manter para fins administrativos, legais ou de seguran\u00e7a.<\/p>\n<p style=\"text-align: justify;\"><strong>Com quem compartilhamos seus dados<\/strong><\/p>\n<ol style=\"text-align: justify;\">\n<li>As informa\u00e7\u00f5es cadastrais do Usu\u00e1rio s\u00e3o para uso exclusivo da RHevista RH, que se compromete a manter a privacidade e confidencialidade de tais dados, salvo em condi\u00e7\u00f5es ou situa\u00e7\u00f5es alheias ao nosso controle, a\u00e7\u00f5es ou inger\u00eancias externas. O Portal RHevista RH n\u00e3o ir\u00e1 monitorar, editar, acessar, repassar ou compartilhar com terceiros os dados privativos do Usu\u00e1rio, salvo mediante pr\u00e9via autoriza\u00e7\u00e3o deste, ou no caso de ser obrigado por ordem judicial.<\/li>\n<li>As informa\u00e7\u00f5es cadastrais dos Usu\u00e1rios, de uso exclusivo da RHevista RH, ser\u00e3o utilizados apenas para divulga\u00e7\u00e3o de conte\u00fados devidamente <strong>postados no informativo RHevista RH<\/strong>, sejam eles pr\u00f3prios, de colaboradores e ou de seus eventuais parceiros comerciais e, ainda, para divulga\u00e7\u00e3o dos produtos e servi\u00e7os ofertados pelo Grupo ABF Servi\u00e7os.<\/li>\n<li>Os e-mails do Portal RHevista RH, informativos e\/ou de respostas a consultas realizadas, s\u00e3o enviados devidamente assinados, e possuem link de remo\u00e7\u00e3o do envio de newsletter.<\/li>\n<\/ol>\n<p style=\"text-align: justify;\"><strong>Por quanto tempo retemos seus dados<\/strong><\/p>\n<p style=\"text-align: justify;\">As informa\u00e7\u00f5es coletadas atrav\u00e9s do portal RHevista RH s\u00e3o mantidos por prazo indeterminado, podendo, a qualquer tempo ser eliminado pela pr\u00f3pria equipe do portal e ou, por solicita\u00e7\u00e3o do pr\u00f3prio usu\u00e1rio.<\/p>\n","protected":false},"excerpt":{"rendered":"<p>Esta Pol\u00edtica de Privacidade foi atualizada pela \u00faltima vez em 19 de Janeiro de 2024 Quem somos RHevista RH (Revista RH) \u00e9 um portal, de iniciativa do Grupo ABF Gente &amp; Gest\u00e3o, voltado, principalmente, para profissionais de gest\u00e3o de pessoas. Aqui os usu\u00e1rios encontram artigos, mat\u00e9rias, v\u00eddeos, entre outros conte\u00fados, cujo objetivo \u00e9 levar conhecimentos&hellip;<\/p>\n","protected":false},"author":8,"featured_media":0,"parent":5,"menu_order":3,"comment_status":"open","ping_status":"closed","template":"","meta":{"footnotes":""},"class_list":["post-331","page","type-page","status-publish","hentry","no-post-thumbnail","entry"],"aioseo_notices":[],"_links":{"self":[{"href":"https:\/\/www.rhevistarh.com.br\/portal\/wp-json\/wp\/v2\/pages\/331","targetHints":{"allow":["GET"]}}],"collection":[{"href":"https:\/\/www.rhevistarh.com.br\/portal\/wp-json\/wp\/v2\/pages"}],"about":[{"href":"https:\/\/www.rhevistarh.com.br\/portal\/wp-json\/wp\/v2\/types\/page"}],"author":[{"embeddable":true,"href":"https:\/\/www.rhevistarh.com.br\/portal\/wp-json\/wp\/v2\/users\/8"}],"replies":[{"embeddable":true,"href":"https:\/\/www.rhevistarh.com.br\/portal\/wp-json\/wp\/v2\/comments?post=331"}],"version-history":[{"count":0,"href":"https:\/\/www.rhevistarh.com.br\/portal\/wp-json\/wp\/v2\/pages\/331\/revisions"}],"up":[{"embeddable":true,"href":"https:\/\/www.rhevistarh.com.br\/portal\/wp-json\/wp\/v2\/pages\/5"}],"wp:attachment":[{"href":"https:\/\/www.rhevistarh.com.br\/portal\/wp-json\/wp\/v2\/media?parent=331"}],"curies":[{"name":"wp","href":"https:\/\/api.w.org\/{rel}","templated":true}]}}